m + 10. Give u(7).
-32
Let l(n) = n**3 - 9*n**2 + 6*n + 10. What is l(8)?
-6
Let l(m) = -3*m - 41. Give l(-12).
-5
Let i(l) = -11*l + 1. Determine i(2).
-21
Let w(l) = -l**2 - 4*l - 5. Give w(-5).
-10
Let r(i) = i**3 - 9*i**2 - 2*i + 7. Calculate r(9).
-11
Let f(b) = b**2 - 14*b + 21. Give f(12).
-3
Let d(m) = 3*m + 44. What is d(-16)?
-4
Let z(f) = -2*f**2 - 25*f + 27. Calculate z(-13).
14
Let y(r) = -r**3 + 10*r**2 + r + 2. Determine y(10).
12
Let o(u) = -u**2 - 47*u + 497. Give o(-56).
-7
Let z(r) = 2*r**2 + 13*r - 20. What is z(-7)?
-13
Let g(r) = r**2 - 20. Determine g(4).
-4
Let z(w) = -w**3 + 20*w**2 + 14*w + 128. Calculate z(21).
-19
Let j(z) = -z - 6. What is j(5)?
-11
Let f(k) = -8*k - 57. Calculate f(-6).
-9
Let b(u) = -27*u - 1809. Calculate b(-67).
0
Let d(v) = v**3 - 27*v**2 + 1. Give d(27).
1
Let l(d) = -d**2 + 12*d - 4. Determine l(12).
-4
Let a(j) = -j**3 + 24*j**2 - 23*j - 7. What is a(23)?
-7
Let h(c) = c**3 - c**2 - 2*c + 18. What is h(0)?
18
Let k(z) = z**3 - 12*z**2 + 12*z - 12. Calculate k(11).
-1
Let l(d) = d**3 + 2*d**2 - d - 8. Calculate l(-2).
-6
Let r(s) = s**3 - 19*s**2 + 23*s - 25. Determine r(18).
65
Let f(v) = -2*v**2 + 5*v - 5. Calculate f(5).
-30
Let d(q) = -38*q - 6. Determine d(1).
-44
Let v(s) = s**2 - 3*s - 102. Calculate v(-9).
6
Let c(j) = 2*j + 18. Give c(5).
28
Let w(p) = -p**3 + 3*p**2 + 5*p + 5. Calculate w(-2).
15
Let a(t) = -10*t - 14. What is a(-3)?
16
Let j(z) = z**3 - 10*z**2 + 13*z - 10. Calculate j(8).
-34
Let z(a) = a**3 + 3*a**2 + 2*a + 1. What is z(-2)?
1
Let x(i) = i**3 + 4*i**2 + 4*i + 7. What is x(-4)?
-9
Let z(g) = g**2 + g + 4. Give z(0).
4
Let t(f) = f**2 + 4*f - 19. Calculate t(3).
2
Let b(v) = -v - 10. Give b(-15).
5
Let t(l) = -2*l**2 - 23*l - 33. What is t(-11)?
-22
Let p(o) = -2*o - 9. Determine p(-23).
37
Let j(c) = -6*c + 16. Give j(3).
-2
Let v(z) = 8*z - 99. Determine v(9).
-27
Let g(f) = -217*f - 3. Give g(0).
-3
Let t(i) = 2*i + 17. Determine t(8).
33
Let c(y) = y**3 + 12*y**2 - 14*y - 163. Calculate c(-12).
5
Let k(f) = -3*f + 15. Give k(1).
12
Let r(w) = -28*w**2 + w + 3. Determine r(-1).
-26
Let y(x) = -x**2 - x - 2. What is y(2)?
-8
Let k(d) = -d**2 + 5*d + 7. Determine k(6).
1
Let d(k) = 5*k**2 - 216*k + 47. Determine d(43).
4
Let g(q) = -q**2 + 5*q + 4. Calculate g(7).
-10
Let c(m) = -4*m - 49. Determine c(-12).
-1
Let f(s) = 2*s**3 + 42*s**2 + 45*s + 106. Calculate f(-20).
6
Let l(y) = -6*y**2 + 10*y - 9. Calculate l(1).
-5
Let o(d) = -d**3 + 3*d**2 + 5*d - 2. Calculate o(4).
2
Let a(y) = 2*y**3 - 10*y**2 + 5*y + 4. What is a(4)?
-8
Let b(g) = -g + 14. Determine b(20).
-6
Let k(q) = -q**3 + 6*q**2 + 6*q + 14. Determine k(7).
7
Let q(o) = -o**3 + 11*o**2 + 5*o - 11. Calculate q(11).
44
Let c(l) = -l**2 + 33*l - 9. Give c(0).
-9
Let l(k) = -k**3 + 17*k**2 + 18*k + 13. Give l(18).
13
Let k(z) = 4*z + 21. Calculate k(-6).
-3
Let r(b) = -b**3 + 32*b**2 + 69*b - 40. What is r(34)?
-6
Let d(t) = -3*t**3 + 32*t**2 + 10*t + 12. What is d(11)?
1
Let w(q) = 9*q + 4. Give w(-1).
-5
Let g(k) = -5*k + 25. Calculate g(-7).
60
Let o(m) = -m**3 + 5*m**2 + 13*m + 6. Calculate o(7).
-1
Let v(r) = 11*r**2 - 35*r - 1. What is v(4)?
35
Let q(w) = -w**3 - 14*w**2 - 14*w - 4. Determine q(-13).
9
Let x(c) = 14*c + 391. Give x(-29).
-15
Let m(i) = i**3 + 11*i**2 - i + 28. Determine m(-12).
-104
Let v(g) = -28*g + 29. What is v(3)?
-55
Let u(c) = -4*c - 40. Determine u(0).
-40
Let n(v) = -v**2 - 6*v - 19. What is n(-5)?
-14
Let x(z) = -z**3 + 7*z**2 - 5*z - 1. Determine x(5).
24
Let p(o) = -2*o**3 - 49*o**2 - 26*o - 48. Give p(-24).
0
Let x(y) = y**3 - y - 28. Calculate x(0).
-28
Let o(y) = 3*y - 24. What is o(10)?
6
Let q(b) = -b**3 + 4*b**2 - 3*b + 20. What is q(4)?
8
Let z(y) = -y**2 - 18*y - 29. Calculate z(-16).
3
Let q(i) = 4*i + 9. Determine q(-17).
-59
Let d(w) = -w**3 - w + 9. Give d(0).
9
Let y(s) = -58*s**3 + 3*s**2 + 2*s - 1. Determine y(1).
-54
Let j(x) = 7*x. Calculate j(2).
14
Let j(y) = 8*y - 37. Calculate j(13).
67
Let f(u) = 12*u + 3. Determine f(1).
15
Let o(a) = a**3 - 4*a**2 + 3*a - 5. Calculate o(3).
-5
Let b(l) = l**3 - 7*l**2 - 5*l + 22. Give b(9).
139
Let g(s) = -s**3 + 12*s**2 + 6*s - 5. Give g(12).
67
Let m(k) = -3*k + 3. What is m(3)?
-6
Let l(j) = j**3 - 12*j**2 + 6*j + 56. Calculate l(11).
1
Let h(c) = c**3 + 37*c**2 + 68*c - 66. Calculate h(-35).
4
Let d(i) = 4*i + 50. Give d(-6).
26
Let m(y) = -y + 3. Give m(10).
-7
Let u(p) = 5*p + 110. Determine u(-23).
-5
Let g(k) = 97*k + 968. What is g(-10)?
-2
Let z(q) = -2*q**2 - 47*q + 24. What is z(-24)?
0
Let v(t) = 2*t**2 + 11*t - 5. Calculate v(-5).
-10
Let z(m) = -m**2 - 11*m + 5. What is z(-10)?
15
Let c(y) = -2*y**2 - 3*y - 1. Give c(5).
-66
Let u(t) = 13*t - 2. Calculate u(-2).
-28
Let v(s) = -3*s**2 + s - 2. What is v(-2)?
-16
Let d(x) = x**3 + 10*x**2 + 5*x + 15. What is d(-10)?
-35
Let f(y) = 35*y**2. Give f(1).
35
Let r(b) = 96*b**2 + b. Give r(1).
97
Let f(o) = -6*o + 1. What is f(5)?
-29
Let k(x) = -11*x - 5. Determine k(-6).
61
Let q(z) = -13*z + 163. Give q(13).
-6
Let s(n) = -n**2 - 11*n - 6. What is s(-9)?
12
Let k(q) = q**2 + 9*q + 3. Calculate k(-7).
-11
Let f(j) = 40*j + 38. Give f(-1).
-2
Let o(k) = 2*k**2 - 6. Give o(2).
2
Let c(i) = -i**2 - 8*i + 1. Calculate c(-7).
8
Let g(l) = -73*l - 291. Calculate g(-4).
1
Let j(i) = -2*i - 24. What is j(-12)?
0
Let x(w) = 3*w**2 + 20*w - 16. Give x(-9).
47
Let i(c) = -c**2 + c - 1. Calculate i(4).
-13
Let y(v) = -18*v + 1. Give y(-1).
19
Let s(v) = v**3 + 6*v**2 + 13. Calculate s(-6).
13
Let a(t) = 7*t + 5. Calculate a(4).
33
Let v(n) = -n**3 + n**2 - 3*n - 14. Give v(-3).
31
Let l(b) = b**3 - 2*b**2 - 5*b - 3. Determine l(4).
9
Let n(q) = q**3 + 14*q**2 + q + 19. Determine n(-14).
5
Let x(f) = -43*f - 270. What is x(-6)?
-12
Let o(q) = -29*q + 89. Calculate o(3).
2
Let v(q) = -132*q - 786. What is v(-6)?
6
Let y(p) = 2*p**3 - 14*p**2 + 11*p - 8. Determine y(6).
-14
Let h(p) = -6*p**2 - 8*p - 8. What is h(-1)?
-6
Let k(u) = u**3 - 16*u**2 + 4*u - 48. What is k(16)?
16
Let n(a) = 94*a + 2. Give n(1).
96
Let j(s) = -s - 21. Give j(7).
-28
Let v(b) = -b + 4. Calculate v(13).
-9
Let b(y) = 6*y + 123. What is b(-19)?
9
Let g(i) = -i**2 - 7*i + 14. Give g(-8).
6
Let s(p) = 14*p - 8. Determine s(-2).
-36
Let j(k) = k**3 + 19*k**2 - 64*k + 35. Calculate j(-22).
-9
Let g(c) = 4*c**2 + 17*c + 1. Calculate g(-4).
-3
Let b(k) = -k**3 + 8*k**2 - 3*k - 22. Calculate b(7).
6
Let d(g) = g**3 - 2*g**2 - 2*g. Determine d(2).
-4
Let s(f) = -f**2 - 6*f + 8. Give s(-6).
8
Let c(y) = 2*y**2 + 8*y - 7. Give c(5).
83
Let q(i) = 2*i**2 - 8*i + 8. What is q(4)?
8
Let u(o) = 7*o**3 - 4*o**2 - 8*o + 4. Determine u(3).
133
Let m(k) = k**3 - 45*k**2 - 3*k + 143. What is m(45)?
8
Let w(d) = -2*d**2 + 22*d - 7. Give w(5).
53
Let a(t) = -t**2 - 2*t + 43. Calculate a(6).
-5
Let b(p) = -2*p + 19. Determine b(-10).
39
Let f(i) = -4*i + 49. Determine f(14).
-7
Let a(y) = -4*y**2 - 2*y + 1. Determine a(-3).
-29
Let j(g) = g + 27. What is j(-12)?
15
Let f(l) = -4*l - 8. What is f(-6)?
16
Let w(i) = -i**3 - 7*i**2 - 8*i - 5. Calculate w(-5).
-15
Let f(a) = -a - 7. Give f(-4).
-3
Let w(q) = -8*q + 21. Calculate w(6).
-27
Let h(g) = -g + 26. What is h(0)?
26
Let i(a) = 5*a + 84. What is i(-14)?
14
Let q(w) = w**3 + 11*w**2 - 9*w - 26. Give q(-11).
73
Let d(a) = -a**2 + 7*a + 36. Calculate d(11).
-8
Let p(u) = u**3 + 23*u**2 - 82*u + 10. What is p(-26)?
114
Let d(a) = -a**3 - 5*a**2 + a - 9. Calculate d(-5).
-14
Let z(j) = j**2 - 17*j + 12. Give z(16).
-4
Let p(c) = 11*c - 1. Give p(-5).
-56
Let u(f) = f**2 + 6*f + 7. What is u(-5)?
2
Let j(r) = -2*r + 26. Give j(4).
18
Let x(q) = -q**2 - 11*q - 11. Determine x(-11).
-11
Let w(b) = b**2 + 19*b + 15. Determine w(-19).
15
Let m(f) = -27*f + 318. What is m(12)?
-6
Let f(x) = -6*x + 2. Calculate f(-4).
26
Let a(w) = -w**3 + w**2 + w + 32. Give a(0).
32
Let o(q) = -4*q**3 + q**2 - q - 2. Determine o(-1).
4
Let d(k) = -3*k**2 + 10*k - 4. Calculate d(4).
-12
Let z(y) = y - 5. What is z(12)?
7
Let m(t) = -19*t + 214. What is m(11)?
5
Let x(g) = g**3 + 8*g**2 + 13*g + 13. Give x(-6).
7
Let h(r) = 2*r**3 + 2*r**2 + r + 1. Determine h(-1).
0
Let t(d) = 4*d**2 + 125*d + 5. Calculate t(-31).
-26
Let y(p) = -p**2 - 5*p. Determine y(0).
0
Let w(b) = b**3 + 10*b